*p + 40. Let k(f) = -j(f) - 5*q(f). What is the units digit of k(-7)?
9
Let i = 613 + -615. Let c(d) = 331*d**2 + 10*d - 6. What is the thousands digit of c(i)?
1
Suppose f + 10221 = 3*z, 4*z - 56*f = -52*f + 13612. What is the thousands digit of z?
3
Let q(a) = 6*a**3 - 2*a**2 - 2*a + 26. Let m be q(-5). Let h = -345 - m. What is the hundreds digit of h?
4
Suppose 2*h - 6 = 0, -81*w + 82*w - 10773 = -2*h. What is the units digit of w?
7
Let k(t) = 2*t + 15 - t + 10*t**2 + 10*t + 4*t - 4*t. What is the tens digit of k(-6)?
0
Suppose -3*l + 2*r - 98 = 0, -r = -3*l + 4*r - 83. Let h = l + 38. What is the units digit of (2 - 21/9)*-381 - h?
5
Let d(u) = u**3 - 63*u**2 + 123*u + 447. What is the units digit of d(63)?
6
Let z = 4 + -4. Suppose h = m - 7, z = -0*h + h + 5. What is the units digit of (3/m + -2)*-2?
1
Suppose 0 = -i - 5*o + 3457, -5*i = -4*o - 7400 - 9740. Suppose -5*h + i = -63. What is the units digit of h?
9
Let b = -83 + 51. Let f(g) = g**2 + 25*g - 174. What is the tens digit of f(b)?
5
Let t = 12526 + -5900. What is the hundreds digit of t?
6
Let c(m) = m**3 + 48*m**2 + 64*m + 2397. What is the hundreds digit of c(-26)?
6
Let l(k) = 2*k + 5. Suppose 16*y - 16 - 384 = 0. What is the tens digit of l(y)?
5
Let l(c) = -c**3 - 9*c**2 - 3*c + 15. Let y be l(-8). Let q = y + 60. What is the tens digit of q?
3
Let z(u) = 114*u**2 - 442*u - 4. What is the hundreds digit of z(10)?
9
Let d(o) = 39*o - 77. Suppose p = 81 - 65. What is the units digit of d(p)?
7
Let b be 7/28*4/(-1) - 542. Let l = b + 964. What is the tens digit of l?
2
Suppose -3*t + 5*t - 4640 = -2*t. What is the thousands digit of t?
1
Let h(a) = -2*a**2 - 20*a - 9. Let x be h(-9). Suppose -2*o - 3 = x. What is the units digit of -3 - 513/o - (-1)/2?
3
What is the thousands digit of (19/((-1596)/432))/((-4)/41846*1)?
3
Let b(a) = a + 7. Let g be b(5). Suppose v = -2*d - g, -5*v = -v + 2*d + 18. What is the units digit of (3 + -5)*v/2?
2
Suppose -w - 4*p + 13 = 0, -w = 5*p + 4 - 19. Suppose -n = 5*f - 9, -w*f + 2*f + 11 = -5*n. Suppose -3 + 9 = 2*l, 80 = r - f*l. What is the tens digit of r?
8
What is the thousands digit of 5/(-6 + 7 - -2)*1560?
2
Suppose 10*s - 696276 = -44*s. What is the thousands digit of s?
2
Suppose 3*t + 2*s - 181577 = 0, -408858 = -5*t + 5*s - 106188. What is the hundreds digit of t?
5
Suppose -4*j - 5 = s, 3*s = 4*s - 3*j - 30. Suppose -5*d - c = -794, 16*c + 319 = 2*d + s*c. What is the units digit of d?
9
What is the tens digit of 571763/(-142)*(-4 - -2)?
5
Suppose -4*j = j - 25. Let y be 11/j - (-4)/(-20). Suppose 0 = -u + y*u - 32. What is the tens digit of u?
3
Let t = -3230 - -8003. What is the hundreds digit of t?
7
Let f(y) = 6721*y - 7209. What is the tens digit of f(7)?
3
Let a(d) = -d**3 - 20*d**2 - 14*d + 22. Let p = -487 - -467. What is the units digit of a(p)?
2
Suppose 0 = -8087*m + 8076*m + 21747. What is the tens digit of m?
7
Suppose -5*w = -180 + 135. Suppose w*p - 1163 = 727. What is the hundreds digit of p?
2
Let k = -16362 + 27906. What is the hundreds digit of k?
5
Let q = 23 - 20. Let g(k) = -42*k - 2*k**3 + 4*k**q + 54*k + 11*k**2 - k**3. What is the units digit of g(-8)?
6
Let y = 7684 + -2898. What is the thousands digit of y?
4
Suppose -4*q + a = -0*q - 9, 4*q - 2*a - 10 = 0. Suppose 0 = 13*v - q*v - 3916. What is the hundreds digit of v?
3
Let q(a) = -46*a - 1. Let i be q(-1). Let u = i + 183. What is the hundreds digit of u?
2
Let x(d) = -2*d**2 - 19*d - 9. Let j be x(-9). Suppose -7*q + 207 + 290 = j. What is the tens digit of q?
7
Suppose 198345 - 218804 = -38*r + 408599. What is the ten thousands digit of r?
1
Suppose -40*c + 889 = -39*c. Suppose 0*z + c = q - z, 20 = -5*z. What is the hundreds digit of q?
8
Let m be (-3 - (1067 + -1)) + (-1 - 3). Let n = m - -2225. Suppose 0 = -2*t - 6*t + n. What is the hundreds digit of t?
1
Let n(t) = t**3 - 41*t**2 - 79*t - 1035. What is the ten thousands digit of n(48)?
1
Suppose -3*v + 5 = 2*v. Let b(x) = 4*x - 4. Let j be b(v). Suppose j = 23*s - 18*s - 470. What is the tens digit of s?
9
Suppose 18*t - 21*t = -4*c - 43259, -4*t = -c - 57670. What is the ten thousands digit of t?
1
Suppose m = -4*n + 24471, -3959 + 28465 = m - n. What is the hundreds digit of m?
4
Suppose -3329900 - 679470 = -71*v. What is the ten thousands digit of v?
5
Suppose -19 - 2 = -7*j. Suppose 0 = -j*f - 5*n - 740 - 368, 2*f + 747 = 5*n. Let c = -165 - f. What is the tens digit of c?
0
Suppose -4*k = -5*v + 455, 113 = -4*k - 2*v - 321. Let s = k - -235. What is the tens digit of s/4 - (-6)/(-24) - -1?
3
Let j = 6357 - 2911. What is the tens digit of j?
4
Let b be (10 - 1)*2/6. Suppose 4*i - 196 = -29*x + 32*x, -5*x = 20. Suppose 13 = -b*a + i. What is the tens digit of a?
1
Suppose 0 = -19*h + 24*h - 4*l - 9762, 0 = 2*l - 4. What is the hundreds digit of h?
9
Suppose 0 = -4*h + 9*h - 270. Let y = -53 + h. What is the units digit of 74 + -1 + (1 + -2)*y?
2
Let f(m) be the first derivative of 0*m**2 + 3 + 2*m**3 + 0*m + 1/4*m**4. What is the tens digit of f(-3)?
2
Suppose 17*d - 40452 = 100486 - 46639. What is the thousands digit of d?
5
Let i(b) = -45*b + 4157. What is the tens digit of i(10)?
0
Let k(a) = -47*a - 90. Let w(b) = -95*b - 206. Let p(r) = 9*k(r) - 4*w(r). Suppose 5*q + 10 + 10 = 0. What is the tens digit of p(q)?
8
Let q = 16620 + -8741. What is the units digit of q?
9
Suppose -127*w + 1270485 = -1047519. What is the tens digit of w?
5
Suppose -16*y + 11720 = -12*y - 4*s, 5845 = 2*y - 5*s. What is the units digit of y?
5
Suppose -5*g = 2*n - 4507, -22*n + 24*n + 2*g = 4522. What is the tens digit of n?
6
Let a = 583 + 83. Let k = 373 + a. What is the thousands digit of k?
1
Let s(u) = -8*u**2 - 8*u + 7026. What is the tens digit of s(0)?
2
Suppose 5*j - 15 = -5*x, 7*j - 12 = 3*j - 5*x. Suppose -j*q + 737 + 472 = 3*o, q = 2*o + 394. What is the units digit of q?
0
Let b(t) = -8*t**2 - 4*t**2 + 12*t + 109 - 117 + t**3. Let j be b(11). What is the tens digit of (-60)/((4/j)/(-2))?
9
Let m = 1163 - 313. What is the tens digit of m?
5
Suppose -5*w = 0, -3*v - 9 = -6*v - 3*w. Suppose -21 = -v*c + 2*m, -3*m - 16 = -2*c - 2. Suppose -8 - c = -5*h, -o + 296 = 5*h. What is the hundreds digit of o?
2
What is the tens digit of (6 - 280404/(-84)) + 5/(-35)?
4
Let p = 3332 + -1196. What is the hundreds digit of p?
1
Let g(w) = 2*w**3 - 7*w**2 + 3. Let j be g(4). Suppose 460 = 21*i - j*i. Suppose -12*y = -10*y - i. What is the hundreds digit of y?
1
Suppose 3*j = 3*g - 48531, -225*g - 2*j + 16174 = -224*g. What is the units digit of g?
6
What is the hundreds digit of -21*13/((-39)/623)?
3
Let s = 3039 + 660. What is the units digit of s?
9
Suppose -159*j = 19*j - 100570. What is the hundreds digit of j?
5
Let j = -66727 + 94802. Suppose j = 27*i - 2*i. What is the thousands digit of i?
1
Let n(a) = a + 23. Let y be n(-7). Suppose y = -4*m, -4*w - 3*m = -m - 1384. What is the hundreds digit of w?
3
Let f(s) be the third derivative of 11*s**4/12 + 965*s**3/6 - 2*s**2 + 105. What is the units digit of f(0)?
5
What is the tens digit of (301/21 + -14 + 7/(-3))*-8751?
0
Let t = -28 + 42. Let k = 21 - t. What is the units digit of ((-144)/21)/(k/(-98))?
6
Suppose -70*n = 4*n - 511858. What is the units digit of n?
7
Let z be 2181/(-9)*6*2. Let l = -1948 - z. What is the hundreds digit of l?
9
Let c be 9 - ((9 - 3) + -69). Suppose 73 = l - c. What is the hundreds digit of l?
1
What is the ten thousands digit of 12979*-19*12/(-228)?
1
What is the hundreds digit of 6191 + -1*(-15 - -16)?
1
Let t be (1/(-2))/((-3)/(-24)) + 6. Suppose -4*f - 3*d + 742 = -0*d, 2*f - t*d - 364 = 0. What is the units digit of f?
4
Suppose -5*z + 6 = 11. What is the tens digit of (11 - 5) + 23 + z?
2
Let l(u) = 21328*u**3 + 5*u**2 - u - 2. What is the hundreds digit of l(1)?
3
Let m = -39574 + 55888. What is the hundreds digit of m?
3
Suppose -29 = -2*r - o, o = 3*r - 4*o - 11. Let c = -253 - -255. Suppose i - 84 = 3*q + r, 2*q = -c*i + 216. What is the units digit of i?
5
Let i be 5*9/(-60) - 16563/12. Let y = i - -2788. What is the units digit of y?
7
Suppose 2*w = 40 + 10. Suppose -5*a = 5*g + 280, -w = 3*a - 2*g + 148. Let k = -25 - a. What is the units digit of k?
2
Let a = -110 - -112. Suppose h = -3*c + 380, a*h - 3*c - 1